{"id":204,"date":"2024-03-10T11:52:58","date_gmt":"2024-03-10T11:52:58","guid":{"rendered":"https:\/\/avrasyakostum.com\/?post_type=product&#038;p=204"},"modified":"2025-12-06T13:30:44","modified_gmt":"2025-12-06T13:30:44","slug":"renkli-tutu-takim","status":"publish","type":"product","link":"https:\/\/avrasyakostum.com\/?product=renkli-tutu-takim","title":{"rendered":"Renkli T\u00fct\u00fc Tak\u0131m"},"content":{"rendered":"<p><strong>Whatsapp Sipari\u015f Hatt\u0131:<\/strong>\u00a0<strong><a href=\"https:\/\/wa.me\/qr\/C2SDQH3QIOTAN1\">+90 533 495 28 38<\/a><\/strong><\/p>\n<p>Sipari\u015finizi verirken; kost\u00fcm ismi, adeti, ya\u015f grubu, ayak numaras\u0131, okul sipari\u015fi ise okul, \u00f6\u011fretmen, veli sipari\u015fi ise veli ismi ve adres, telefon numaras\u0131 belirterek sipari\u015f veriniz.<\/p>\n<p>\u00d6demeler kargo ile g\u00f6nderilerde havale, elden teslimlerde denakit yap\u0131lmaktad\u0131r.<\/p>\n<p>Sipari\u015fler \u00f6deme s\u0131ras\u0131na g\u00f6re yap\u0131lmaktad\u0131r, stok durumunu \u00f6deme yapmadan \u00f6nce Whatsapp hatt\u0131m\u0131zdan sorunuz!<\/p>\n","protected":false},"excerpt":{"rendered":"<ul>\n<li>Bu \u00fcr\u00fcnde kiralama yap\u0131lmamaktad\u0131r.<\/li>\n<li>\u00dcst beden penye, alttan \u00e7\u0131t\u00e7\u0131tl\u0131 badidir.<\/li>\n<li>Her sipari\u015fte \u00fcr\u00fcne uygun renkte pisi \u00fccretsiz verilmektedir.<\/li>\n<\/ul>\n","protected":false},"featured_media":98,"comment_status":"open","ping_status":"closed","template":"","meta":{"_joinchat":[]},"product_brand":[],"product_cat":[49],"product_tag":[119,120,121,118,117],"class_list":{"0":"post-204","1":"product","2":"type-product","3":"status-publish","4":"has-post-thumbnail","6":"product_cat-modern-dans-kostumleri","7":"product_tag-renkli-tutu","8":"product_tag-renkli-tutu-elbise","9":"product_tag-renkli-tutu-takim","10":"product_tag-tutu-elbise","11":"product_tag-tutu-kostum","13":"first","14":"instock","15":"shipping-taxable","16":"purchasable","17":"product-type-simple"},"_links":{"self":[{"href":"https:\/\/avrasyakostum.com\/index.php?rest_route=\/wp\/v2\/product\/204","targetHints":{"allow":["GET"]}}],"collection":[{"href":"https:\/\/avrasyakostum.com\/index.php?rest_route=\/wp\/v2\/product"}],"about":[{"href":"https:\/\/avrasyakostum.com\/index.php?rest_route=\/wp\/v2\/types\/product"}],"replies":[{"embeddable":true,"href":"https:\/\/avrasyakostum.com\/index.php?rest_route=%2Fwp%2Fv2%2Fcomments&post=204"}],"wp:featuredmedia":[{"embeddable":true,"href":"https:\/\/avrasyakostum.com\/index.php?rest_route=\/wp\/v2\/media\/98"}],"wp:attachment":[{"href":"https:\/\/avrasyakostum.com\/index.php?rest_route=%2Fwp%2Fv2%2Fmedia&parent=204"}],"wp:term":[{"taxonomy":"product_brand","embeddable":true,"href":"https:\/\/avrasyakostum.com\/index.php?rest_route=%2Fwp%2Fv2%2Fproduct_brand&post=204"},{"taxonomy":"product_cat","embeddable":true,"href":"https:\/\/avrasyakostum.com\/index.php?rest_route=%2Fwp%2Fv2%2Fproduct_cat&post=204"},{"taxonomy":"product_tag","embeddable":true,"href":"https:\/\/avrasyakostum.com\/index.php?rest_route=%2Fwp%2Fv2%2Fproduct_tag&post=204"}],"curies":[{"name":"wp","href":"https:\/\/api.w.org\/{rel}","templated":true}]}}