{"id":170,"date":"2024-03-02T15:10:18","date_gmt":"2024-03-02T15:10:18","guid":{"rendered":"https:\/\/avrasyakostum.com\/?post_type=product&#038;p=170"},"modified":"2025-12-06T13:32:43","modified_gmt":"2025-12-06T13:32:43","slug":"hacivat-ve-karagoz-kostumu","status":"publish","type":"product","link":"https:\/\/avrasyakostum.com\/?product=hacivat-ve-karagoz-kostumu","title":{"rendered":"Hac\u0131vat ve Karag\u00f6z Kost\u00fcm\u00fc"},"content":{"rendered":"<p>Sipari\u015finizi verirken; kost\u00fcm ismi, adeti, ya\u015f grubu, ayak numaras\u0131, okul sipari\u015fi ise okul, \u00f6\u011fretmen, veli sipari\u015fi ise veli ismi ve adres, telefon numaras\u0131 belirterek sipari\u015f veriniz.<\/p>\n<p>\u00d6demeler kargo ile g\u00f6nderilerde havale, elden teslimlerde de nakit yap\u0131lmaktad\u0131r.<\/p>\n<p>Sipari\u015fler \u00f6deme s\u0131ras\u0131na g\u00f6re yap\u0131lmaktad\u0131r, stok durumunu \u00f6deme yapmadan \u00f6nce Whatsapp hatt\u0131m\u0131zdan sorunuz!<\/p>\n","protected":false},"excerpt":{"rendered":"<h2>Kiralama Fiyat\u0131: 650 TL<\/h2>\n<ul>\n<li>Foto\u011frafta g\u00f6r\u00fclen t\u00fcm aksesuarlar fiyata dahildir.<\/li>\n<li>Her sipari\u015fte \u00fcr\u00fcne uygun renkte pisi verilmektedir.<\/li>\n<li>Elimizde 5-8 ya\u015fa uygun 1 adet Karag\u00f6z, 1 adet de Hacivat bulunmaktad\u0131r kiralama i\u00e7in.<\/li>\n<li>Elimizdeki stoklu \u00fcr\u00fcnler i\u00e7in d\u00f6nem d\u00f6nem indirimlerimiz olabilir, sipari\u015f hatt\u0131m\u0131zdan detayl\u0131 bilgi alabilirsiniz.<\/li>\n<li>Fiyatlar mevcut \u00fcr\u00fcnler i\u00e7in ge\u00e7erlidir. S\u0131f\u0131rdan dikim fiyat\u0131 1900 TL\u2019dir.<\/li>\n<li><strong>Whatsapp Sipari\u015f Hatt\u0131:<\/strong>\u00a0<strong><a href=\"https:\/\/wa.me\/qr\/C2SDQH3QIOTAN1\">+90 533 495 28 38<\/a><\/strong><\/li>\n<\/ul>\n","protected":false},"featured_media":329,"comment_status":"open","ping_status":"closed","template":"","meta":{"_joinchat":[]},"product_brand":[],"product_cat":[45],"product_tag":[41,36,42,38,44,39,40,37,43],"class_list":{"0":"post-170","1":"product","2":"type-product","3":"status-publish","4":"has-post-thumbnail","6":"product_cat-karakter-kostumleri","7":"product_tag-gosteri-kostumu","8":"product_tag-hacivat","9":"product_tag-hacivat-gosteri","10":"product_tag-hacivat-karagoz","11":"product_tag-hacivat-karagoz-gosteri","12":"product_tag-hacivat-ve-karagoz","13":"product_tag-hacivat-ve-karagoz-kostumu","14":"product_tag-karagoz","15":"product_tag-karagoz-gosteri","17":"first","18":"instock","19":"shipping-taxable","20":"purchasable","21":"product-type-simple"},"_links":{"self":[{"href":"https:\/\/avrasyakostum.com\/index.php?rest_route=\/wp\/v2\/product\/170","targetHints":{"allow":["GET"]}}],"collection":[{"href":"https:\/\/avrasyakostum.com\/index.php?rest_route=\/wp\/v2\/product"}],"about":[{"href":"https:\/\/avrasyakostum.com\/index.php?rest_route=\/wp\/v2\/types\/product"}],"replies":[{"embeddable":true,"href":"https:\/\/avrasyakostum.com\/index.php?rest_route=%2Fwp%2Fv2%2Fcomments&post=170"}],"wp:featuredmedia":[{"embeddable":true,"href":"https:\/\/avrasyakostum.com\/index.php?rest_route=\/wp\/v2\/media\/329"}],"wp:attachment":[{"href":"https:\/\/avrasyakostum.com\/index.php?rest_route=%2Fwp%2Fv2%2Fmedia&parent=170"}],"wp:term":[{"taxonomy":"product_brand","embeddable":true,"href":"https:\/\/avrasyakostum.com\/index.php?rest_route=%2Fwp%2Fv2%2Fproduct_brand&post=170"},{"taxonomy":"product_cat","embeddable":true,"href":"https:\/\/avrasyakostum.com\/index.php?rest_route=%2Fwp%2Fv2%2Fproduct_cat&post=170"},{"taxonomy":"product_tag","embeddable":true,"href":"https:\/\/avrasyakostum.com\/index.php?rest_route=%2Fwp%2Fv2%2Fproduct_tag&post=170"}],"curies":[{"name":"wp","href":"https:\/\/api.w.org\/{rel}","templated":true}]}}